 of 262262?
2, 7, 11, 13, 131
List the prime factors of 4137633.
3, 29, 83, 191
What are the prime factors of 1537520?
2, 5, 19219
What are the prime factors of 210198?
2, 3, 53, 661
What are the prime factors of 2380?
2, 5, 7, 17
What are the prime factors of 1487760?
2, 3, 5, 6199
What are the prime factors of 104259?
3, 23, 1511
What are the prime factors of 855992?
2, 67, 1597
What are the prime factors of 1654847?
557, 2971
What are the prime factors of 259302?
2, 3, 23, 1879
What are the prime factors of 119913?
3, 39971
What are the prime factors of 2883216?
2, 3, 7, 8581
List the prime factors of 155037.
3, 51679
What are the prime factors of 226118?
2, 167, 677
What are the prime factors of 22307767?
19, 1174093
List the prime factors of 1606211.
17, 94483
List the prime factors of 270003.
3, 90001
List the prime factors of 367451.
7, 7499
What are the prime factors of 578374?
2, 17, 17011
What are the prime factors of 3957545?
5, 547, 1447
What are the prime factors of 4270576?
2, 89, 2999
What are the prime factors of 1052585?
5, 131, 1607
List the prime factors of 4037183.
4037183
List the prime factors of 1191822.
2, 3, 198637
What are the prime factors of 455491?
455491
What are the prime factors of 669614?
2, 11, 2767
What are the prime factors of 282143?
282143
What are the prime factors of 5175642?
2, 3, 862607
What are the prime factors of 1245213?
3, 15373
What are the prime factors of 352660?
2, 5, 7, 11, 229
List the prime factors of 573514.
2, 139, 2063
List the prime factors of 1070025.
3, 5, 11, 1297
List the prime factors of 13010191.
13010191
What are the prime factors of 432411?
3, 7, 59, 349
List the prime factors of 734263.
734263
List the prime factors of 268523.
263, 1021
List the prime factors of 1763197.
401, 4397
List the prime factors of 1178231.
1178231
What are the prime factors of 724215?
3, 5, 48281
What are the prime factors of 59357?
59357
What are the prime factors of 7968774?
2, 3, 11, 120739
List the prime factors of 1012746.
2, 3, 7, 24113
List the prime factors of 7693018.
2, 3846509
List the prime factors of 409626.
2, 3, 7, 3251
List the prime factors of 365830.
2, 5, 36583
What are the prime factors of 216120?
2, 3, 5, 1801
What are the prime factors of 8843329?
11, 803939
What are the prime factors of 3961576?
2, 19, 67, 389
List the prime factors of 923968.
2, 14437
List the prime factors of 37435.
5, 7487
What are the prime factors of 224409?
3, 19, 31, 127
List the prime factors of 364092.
2, 3, 30341
List the prime factors of 1522183.
13, 9007
List the prime factors of 30302308.
2, 7575577
What are the prime factors of 131941?
131941
List the prime factors of 1060939.
11, 43, 2243
What are the prime factors of 2317409?
1171, 1979
What are the prime factors of 4721938?
2, 13, 193, 941
What are the prime factors of 122403?
3, 40801
What are the prime factors of 84735?
3, 5, 7, 269
What are the prime factors of 844377?
3, 37, 7607
What are the prime factors of 354266?
2, 11, 16103
List the prime factors of 15057129.
3, 5019043
What are the prime factors of 156618?
2, 3, 7, 11, 113
List the prime factors of 803515.
5, 271, 593
What are the prime factors of 1477631?
1477631
List the prime factors of 367153.
571, 643
What are the prime factors of 275863?
7, 39409
List the prime factors of 528681.
3, 176227
List the prime factors of 963501.
3, 7, 11, 43, 97
List the prime factors of 11150394.
2, 3, 37, 50227
What are the prime factors of 10497736?
2, 197, 6661
List the prime factors of 2087569.
11, 101, 1879
What are the prime factors of 237027?
3, 7, 11287
List the prime factors of 4756102.
2, 13, 182927
What are the prime factors of 5873376?
2, 3, 193, 317
List the prime factors of 60375.
3, 5, 7, 23
List the prime factors of 5453230.
2, 5, 587, 929
List the prime factors of 3265987.
3265987
What are the prime factors of 610052?
2, 19, 23, 349
What are the prime factors of 225585?
3, 5, 557
List the prime factors of 16584583.
16584583
List the prime factors of 352113.
3, 117371
List the prime factors of 1723887.
3, 11, 1583
What are the prime factors of 1356904?
2, 19, 79, 113
What are the prime factors of 472335?
3, 5, 31489
List the prime factors of 256553.
11, 83, 281
What are the prime factors of 7994703?
3, 2664901
What are the prime factors of 522262?
2, 13, 53, 379
What are the prime factors of 601501?
83, 7247
List the prime factors of 405772.
2, 61, 1663
What are the prime factors of 6060144?
2, 3, 251, 503
List the prime factors of 27484457.
7, 11, 13, 27457
List the prime factors of 1608225.
3, 5, 41, 523
What are the prime factors of 723664?
2, 31, 1459
List the prime factors of 232671.
3, 77557
List the prime factors of 1229926.
2, 614963
What are the prime factors of 126171?
3, 4673
What are the prime factors of 42718?
2, 13, 31, 53
List the prime factors of 3470628.
2, 3, 7, 79, 523
What are the prime factors of 6357270?
2, 3, 5, 89, 2381
List the prime factors of 1753.
1753
List the prime factors of 4703227.
31, 151717
List the prime factors of 270471.
3, 89, 1013
List the prime factors of 212056.
2, 13, 2039
What are the prime factors of 94964?
2, 23741
List the prime factors of 1982707.
19, 241, 433
List the prime factors of 13165743.
3, 71, 113, 547
List the prime factors of 777575.
5, 19, 1637
What are the prime factors of 240477?
3, 71, 1129
List the prime factors of 811541.
73, 11117
What are the prime factors of 113659?
7, 13, 1249
List the prime factors of 588518.
2, 7, 127, 331
List the prime factors of 250331.
173, 1447
What are the prime factors of 13379245?
5, 11, 243259
What are the prime factors of 6458522?
2, 7, 461323
List the prime factors of 13588908.
2, 3, 1132409
List the prime factors of 1996838.
2, 998419
What are the prime factors of 2006451?
3, 23, 359
What are the prime factors of 690687?
3, 8527
What are the prime factors of 614902?
2, 307451
What are the prime factors of 116483?
116483
List the prime factors of 6124601.
7, 23, 109, 349
What are the prime factors of 6806580?
2, 3, 5, 11, 10313
List the prime factors of 700528.
2, 43783
List the prime factors of 8348119.
13, 642163
What are the prime factors of 164014?
2, 82007
What are the prime factors of 12010180?
2, 5, 7, 13, 6599
What are the prime factors of 9685084?
2, 79, 30649
What are the prime factors of 116173?
23, 5051
What are the prime factors of 19453560?
2, 3, 5, 7, 23159
List the prime factors of 10340576.
2, 59, 5477
What are the prime factors of 757544?
2, 94693
What are the prime factors of 787463?
227, 3469
List the prime factors of 328730.
2, 5, 71, 463
List the prime factors of 30602.
2, 11, 13, 107
What are the prime factors of 5125637?
11, 131, 3557
List the prime factors of 1288123.
131, 9833
List the prime factors of 348201.
3, 7, 5527
List the prime factors of 437643.
3, 1801
What are the prime factors of 4609247?
4609247
List the prime factors of 1153859.
7, 164837
What are the prime factors of 4290915?
3, 5, 286061
What are the prime factors of 2263396?
2, 565849
What are the prime factors of 1368?
2, 3, 19
What are the prime factors of 5846799?
3, 7, 433, 643
What are the prime factors of 3442402?
2, 1721201
List the prime factors of 27872947.
27872947
What are the prime factors of 8938852?
2, 13, 397, 433
List the prime factors of 962823.
3, 320941
What are the prime factors of 585223?
599, 977
What are the prime factors of 9343271?
7, 47, 4057
What are the prime factors of 472855?
5, 17, 5563
List the prime factors of 298122.
2, 3, 11, 4517
What are the prime factors of 2767377?
3, 41, 149, 151
What are the prime factors of 9415523?
13, 71, 101
List the prime factors of 116216.
2, 73, 199
List the prime factors of 6838040.
2, 5, 11, 15541
List the prime factors of 5923428.
2, 3, 7, 151, 467
What are the prime factors of 322316?
2, 19, 4241
List the prime factors of 6855403.
17, 23, 89, 197
What are the prime factors of 110076?
2, 3, 9173
List the prime factors of 4140287.
4140287
What are the prime factors of 3488087?
67, 79, 659
What are the prime factors of 21677963?
21677963
What are the prime factors of 7077027?
3, 37, 103, 619
What are the prime factors of 1192618?
2, 7, 17, 5011
List the prime factors of 8652820.
2, 5, 11, 37, 1063
List the prime factors of 269